[INFO] cloning repository https://github.com/Maxjen/vortex
[INFO] running `Command { std: "git" "-c" "credential.helper=" "-c" "credential.helper=/workspace/cargo-home/bin/git-credential-null" "clone" "--bare" "https://github.com/Maxjen/vortex" "/workspace/cache/git-repos/https%3A%2F%2Fgithub.com%2FMaxjen%2Fvortex", kill_on_drop: false }`
[INFO] [stderr] Cloning into bare repository '/workspace/cache/git-repos/https%3A%2F%2Fgithub.com%2FMaxjen%2Fvortex'...
[INFO] running `Command { std: "git" "rev-parse" "HEAD", kill_on_drop: false }`
[INFO] [stdout] d4849419fdbde9248205b146381e8d8e9266064f
[INFO] checking Maxjen/vortex against try#72f88fc4e9458f89516a0b8b0868f3718aec5b47 for pr-74989
[INFO] running `Command { std: "git" "clone" "/workspace/cache/git-repos/https%3A%2F%2Fgithub.com%2FMaxjen%2Fvortex" "/workspace/builds/worker-8/source", kill_on_drop: false }`
[INFO] [stderr] Cloning into '/workspace/builds/worker-8/source'...
[INFO] [stderr] done.
[INFO] validating manifest of git repo https://github.com/Maxjen/vortex on toolchain 72f88fc4e9458f89516a0b8b0868f3718aec5b47
[INFO] running `Command { std: "/workspace/cargo-home/bin/cargo" "+72f88fc4e9458f89516a0b8b0868f3718aec5b47" "read-manifest" "--manifest-path" "Cargo.toml", kill_on_drop: false }`
[INFO] started tweaking git repo https://github.com/Maxjen/vortex
[INFO] finished tweaking git repo https://github.com/Maxjen/vortex
[INFO] tweaked toml for git repo https://github.com/Maxjen/vortex written to /workspace/builds/worker-8/source/Cargo.toml
[INFO] crate git repo https://github.com/Maxjen/vortex already has a lockfile, it will not be regenerated
[INFO] running `Command { std: "/workspace/cargo-home/bin/cargo" "+72f88fc4e9458f89516a0b8b0868f3718aec5b47" "fetch" "--locked" "--manifest-path" "Cargo.toml", kill_on_drop: false }`
[INFO] [stderr] warning: An explicit [[bin]] section is specified in Cargo.toml which currently
[INFO] [stderr] disables Cargo from automatically inferring other binary targets.
[INFO] [stderr] This inference behavior will change in the Rust 2018 edition and the following
[INFO] [stderr] files will be included as a binary target:
[INFO] [stderr] 
[INFO] [stderr] * /workspace/builds/worker-8/source/src/main.rs
[INFO] [stderr] 
[INFO] [stderr] This is likely to break cargo build or cargo test as these files may not be
[INFO] [stderr] ready to be compiled as a binary target today. You can future-proof yourself
[INFO] [stderr] and disable this warning by adding `autobins = false` to your [package]
[INFO] [stderr] section. You may also move the files to a location where Cargo would not
[INFO] [stderr] automatically infer them to be a target, such as in subfolders.
[INFO] [stderr] 
[INFO] [stderr] For more information on this warning you can consult
[INFO] [stderr] https://github.com/rust-lang/cargo/issues/5330
[INFO] [stderr] warning: path `/workspace/builds/worker-8/source/src/main.rs` was erroneously implicitly accepted for binary `vortex_test`,
[INFO] [stderr] please set bin.path in Cargo.toml
[INFO] [stderr]     Updating git repository `https://github.com/Maxjen/inferno`
[INFO] [stderr] error: the lock file /workspace/builds/worker-8/source/Cargo.lock needs to be updated but --locked was passed to prevent this
[INFO] [stderr] If you want to try to generate the lock file without accessing the network, use the --offline flag.
[INFO] the lockfile is outdated, regenerating it
[INFO] running `Command { std: "/workspace/cargo-home/bin/cargo" "+72f88fc4e9458f89516a0b8b0868f3718aec5b47" "generate-lockfile" "--manifest-path" "Cargo.toml" "-Zno-index-update", kill_on_drop: false }`
[INFO] [stderr]     Blocking waiting for file lock on package cache
[INFO] [stderr]     Updating git repository `https://github.com/Maxjen/inferno`
[INFO] running `Command { std: "/workspace/cargo-home/bin/cargo" "+72f88fc4e9458f89516a0b8b0868f3718aec5b47" "fetch" "--locked" "--manifest-path" "Cargo.toml", kill_on_drop: false }`
[INFO] [stderr] warning: An explicit [[bin]] section is specified in Cargo.toml which currently
[INFO] [stderr] disables Cargo from automatically inferring other binary targets.
[INFO] [stderr] This inference behavior will change in the Rust 2018 edition and the following
[INFO] [stderr] files will be included as a binary target:
[INFO] [stderr] 
[INFO] [stderr] * /workspace/builds/worker-8/source/src/main.rs
[INFO] [stderr] 
[INFO] [stderr] This is likely to break cargo build or cargo test as these files may not be
[INFO] [stderr] ready to be compiled as a binary target today. You can future-proof yourself
[INFO] [stderr] and disable this warning by adding `autobins = false` to your [package]
[INFO] [stderr] section. You may also move the files to a location where Cargo would not
[INFO] [stderr] automatically infer them to be a target, such as in subfolders.
[INFO] [stderr] 
[INFO] [stderr] For more information on this warning you can consult
[INFO] [stderr] https://github.com/rust-lang/cargo/issues/5330
[INFO] [stderr] warning: path `/workspace/builds/worker-8/source/src/main.rs` was erroneously implicitly accepted for binary `vortex_test`,
[INFO] [stderr] please set bin.path in Cargo.toml
[INFO] [stderr]     Blocking waiting for file lock on package cache
[INFO] [stderr]     Blocking waiting for file lock on package cache
[INFO] running `Command { std: "docker" "create" "-v" "/var/lib/crater-agent-workspace/builds/worker-8/target:/opt/rustwide/target:rw,Z" "-v" "/var/lib/crater-agent-workspace/builds/worker-8/source:/opt/rustwide/workdir:ro,Z" "-v" "/var/lib/crater-agent-workspace/cargo-home:/opt/rustwide/cargo-home:ro,Z" "-v" "/var/lib/crater-agent-workspace/rustup-home:/opt/rustwide/rustup-home:ro,Z" "-e" "SOURCE_DIR=/opt/rustwide/workdir" "-e" "CARGO_TARGET_DIR=/opt/rustwide/target" "-e" "CARGO_HOME=/opt/rustwide/cargo-home" "-e" "RUSTUP_HOME=/opt/rustwide/rustup-home" "-w" "/opt/rustwide/workdir" "-m" "1610612736" "--user" "0:0" "--network" "none" "rustops/crates-build-env@sha256:d92eaeed33fa75130ca1ee6c8a01d1ffb62bac859dfdfb3450e3e5d1c0146529" "/opt/rustwide/cargo-home/bin/cargo" "+72f88fc4e9458f89516a0b8b0868f3718aec5b47" "metadata" "--no-deps" "--format-version=1", kill_on_drop: false }`
[INFO] [stdout] c9a56e874b0871bc36472150b6349721fd0bc0727ac581a1e3ae56c9f6b61adb
[INFO] [stderr] WARNING: Your kernel does not support swap limit capabilities or the cgroup is not mounted. Memory limited without swap.
[INFO] running `Command { std: "docker" "start" "-a" "c9a56e874b0871bc36472150b6349721fd0bc0727ac581a1e3ae56c9f6b61adb", kill_on_drop: false }`
[INFO] running `Command { std: "docker" "inspect" "c9a56e874b0871bc36472150b6349721fd0bc0727ac581a1e3ae56c9f6b61adb", kill_on_drop: false }`
[INFO] running `Command { std: "docker" "rm" "-f" "c9a56e874b0871bc36472150b6349721fd0bc0727ac581a1e3ae56c9f6b61adb", kill_on_drop: false }`
[INFO] [stdout] c9a56e874b0871bc36472150b6349721fd0bc0727ac581a1e3ae56c9f6b61adb
[INFO] running `Command { std: "docker" "create" "-v" "/var/lib/crater-agent-workspace/builds/worker-8/target:/opt/rustwide/target:rw,Z" "-v" "/var/lib/crater-agent-workspace/builds/worker-8/source:/opt/rustwide/workdir:ro,Z" "-v" "/var/lib/crater-agent-workspace/cargo-home:/opt/rustwide/cargo-home:ro,Z" "-v" "/var/lib/crater-agent-workspace/rustup-home:/opt/rustwide/rustup-home:ro,Z" "-e" "SOURCE_DIR=/opt/rustwide/workdir" "-e" "CARGO_TARGET_DIR=/opt/rustwide/target" "-e" "CARGO_INCREMENTAL=0" "-e" "RUST_BACKTRACE=full" "-e" "RUSTFLAGS=--cap-lints=forbid" "-e" "CARGO_HOME=/opt/rustwide/cargo-home" "-e" "RUSTUP_HOME=/opt/rustwide/rustup-home" "-w" "/opt/rustwide/workdir" "-m" "1610612736" "--user" "0:0" "--network" "none" "rustops/crates-build-env@sha256:d92eaeed33fa75130ca1ee6c8a01d1ffb62bac859dfdfb3450e3e5d1c0146529" "/opt/rustwide/cargo-home/bin/cargo" "+72f88fc4e9458f89516a0b8b0868f3718aec5b47" "check" "--frozen" "--all" "--all-targets" "--message-format=json", kill_on_drop: false }`
[INFO] [stdout] 7639d34392f6a0aa82279e4324d3c306eac940c2f9781e764dda4dbea69ab445
[INFO] [stderr] WARNING: Your kernel does not support swap limit capabilities or the cgroup is not mounted. Memory limited without swap.
[INFO] running `Command { std: "docker" "start" "-a" "7639d34392f6a0aa82279e4324d3c306eac940c2f9781e764dda4dbea69ab445", kill_on_drop: false }`
[INFO] [stderr] warning: An explicit [[bin]] section is specified in Cargo.toml which currently
[INFO] [stderr] disables Cargo from automatically inferring other binary targets.
[INFO] [stderr] This inference behavior will change in the Rust 2018 edition and the following
[INFO] [stderr] files will be included as a binary target:
[INFO] [stderr] 
[INFO] [stderr] * /opt/rustwide/workdir/src/main.rs
[INFO] [stderr] 
[INFO] [stderr] This is likely to break cargo build or cargo test as these files may not be
[INFO] [stderr] ready to be compiled as a binary target today. You can future-proof yourself
[INFO] [stderr] and disable this warning by adding `autobins = false` to your [package]
[INFO] [stderr] section. You may also move the files to a location where Cargo would not
[INFO] [stderr] automatically infer them to be a target, such as in subfolders.
[INFO] [stderr] 
[INFO] [stderr] For more information on this warning you can consult
[INFO] [stderr] https://github.com/rust-lang/cargo/issues/5330
[INFO] [stderr] warning: path `/opt/rustwide/workdir/src/main.rs` was erroneously implicitly accepted for binary `vortex_test`,
[INFO] [stderr] please set bin.path in Cargo.toml
[INFO] [stderr]     Checking cfg-if v0.1.10
[INFO] [stderr]     Checking lazy_static v1.4.0
[INFO] [stderr]    Compiling xml-rs v0.8.3
[INFO] [stderr]    Compiling bitflags v1.2.1
[INFO] [stderr]    Compiling maybe-uninit v2.0.0
[INFO] [stderr]    Compiling proc-macro2 v0.4.30
[INFO] [stderr]    Compiling khronos_api v3.1.0
[INFO] [stderr]    Compiling unicode-xid v0.1.0
[INFO] [stderr]     Checking scopeguard v1.1.0
[INFO] [stderr]    Compiling nix v0.14.1
[INFO] [stderr]     Checking slab v0.4.2
[INFO] [stderr]     Checking rand_core v0.4.2
[INFO] [stderr]     Checking downcast-rs v1.2.0
[INFO] [stderr]    Compiling rayon-core v1.8.0
[INFO] [stderr]     Checking smallvec v1.4.2
[INFO] [stderr]     Checking xdg v2.2.0
[INFO] [stderr]    Compiling crc32fast v1.2.0
[INFO] [stderr]     Checking percent-encoding v2.1.0
[INFO] [stderr]     Checking lzw v0.10.0
[INFO] [stderr]     Checking color_quant v1.0.1
[INFO] [stderr]     Checking odds v0.2.26
[INFO] [stderr]     Checking rustc-demangle v0.1.16
[INFO] [stderr]     Checking scoped_threadpool v0.1.9
[INFO] [stderr]     Checking takeable-option v0.5.0
[INFO] [stderr]    Compiling rayon v1.4.0
[INFO] [stderr]    Compiling rand v0.6.5
[INFO] [stderr]    Compiling x11-dl v2.18.5
[INFO] [stderr]     Checking miniz_oxide v0.3.7
[INFO] [stderr]    Compiling libloading v0.5.2
[INFO] [stderr]     Checking lock_api v0.3.4
[INFO] [stderr]     Checking rand_core v0.3.1
[INFO] [stderr]     Checking rand_jitter v0.1.4
[INFO] [stderr]     Checking stb_truetype v0.1.2
[INFO] [stderr]    Compiling log v0.4.11
[INFO] [stderr]     Checking libloading v0.6.3
[INFO] [stderr]     Checking gif v0.10.3
[INFO] [stderr]     Checking arrayvec v0.3.25
[INFO] [stderr]     Checking net2 v0.2.35
[INFO] [stderr]     Checking memmap v0.7.0
[INFO] [stderr]     Checking parking_lot_core v0.7.2
[INFO] [stderr]     Checking raw-window-handle v0.3.3
[INFO] [stderr]     Checking shared_library v0.1.9
[INFO] [stderr]     Checking rand_os v0.1.3
[INFO] [stderr]     Checking rand_hc v0.1.0
[INFO] [stderr]     Checking rand_isaac v0.1.1
[INFO] [stderr]     Checking rand_xorshift v0.1.1
[INFO] [stderr]     Checking stb_truetype v0.3.1
[INFO] [stderr]     Checking deflate v0.8.6
[INFO] [stderr]     Checking crossbeam-utils v0.7.2
[INFO] [stderr]     Checking rand_chacha v0.1.1
[INFO] [stderr]     Checking rand_pcg v0.1.2
[INFO] [stderr]     Checking dlib v0.4.2
[INFO] [stderr]     Checking approx v0.3.2
[INFO] [stderr]     Checking ordered-float v1.1.0
[INFO] [stderr]     Checking line_drawing v0.7.0
[INFO] [stderr]     Checking backtrace v0.3.50
[INFO] [stderr]     Checking mio v0.6.22
[INFO] [stderr]     Checking osmesa-sys v0.1.2
[INFO] [stderr]     Checking tiff v0.5.0
[INFO] [stderr]     Checking rusttype v0.1.2
[INFO] [stderr]     Checking parking_lot v0.10.2
[INFO] [stderr]     Checking wayland-sys v0.23.6
[INFO] [stderr]    Compiling gl_generator v0.14.0
[INFO] [stderr]     Checking crossbeam-epoch v0.8.2
[INFO] [stderr]     Checking crossbeam-channel v0.4.4
[INFO] [stderr]     Checking rusttype v0.8.3
[INFO] [stderr]     Checking png v0.16.7
[INFO] [stderr]     Checking crossbeam-deque v0.7.3
[INFO] [stderr]    Compiling quote v0.6.13
[INFO] [stderr]     Checking mio-extras v2.0.6
[INFO] [stderr]     Checking rusttype v0.7.9
[INFO] [stderr]    Compiling wayland-scanner v0.23.6
[INFO] [stderr]     Checking andrew v0.2.1
[INFO] [stderr]     Checking cgmath v0.17.0
[INFO] [stderr]    Compiling glutin_egl_sys v0.1.5
[INFO] [stderr]    Compiling glutin_glx_sys v0.1.7
[INFO] [stderr]    Compiling glium v0.27.0
[INFO] [stderr]    Compiling wayland-client v0.23.6
[INFO] [stderr]    Compiling wayland-protocols v0.23.6
[INFO] [stderr]     Checking jpeg-decoder v0.1.20
[INFO] [stderr]     Checking calloop v0.4.4
[INFO] [stderr]     Checking wayland-commons v0.23.6
[INFO] [stderr]     Checking image v0.23.9
[INFO] [stderr]     Checking smithay-client-toolkit v0.6.6
[INFO] [stderr]     Checking winit v0.22.2
[INFO] [stderr]     Checking glutin v0.24.1
[INFO] [stderr]     Checking inferno v0.1.0 (https://github.com/Maxjen/inferno#5110adc2)
[INFO] [stdout] error[E0432]: unresolved import `glium::glutin::Event`
[INFO] [stdout]  --> /opt/rustwide/cargo-home/git/checkouts/inferno-acbe5ab09394a163/5110adc/src/gui/widget.rs:5:5
[INFO] [stdout]   |
[INFO] [stdout] 5 | use glium::glutin::Event;
[INFO] [stdout]   |     ^^^^^^^^^^^^^^^-----
[INFO] [stdout]   |     |              |
[INFO] [stdout]   |     |              help: a similar name exists in the module: `event`
[INFO] [stdout]   |     no `Event` in `glutin`
[INFO] [stdout] 
[INFO] [stdout] 
[INFO] [stdout] error[E0432]: unresolved import `glium::glutin::Event`
[INFO] [stdout]  --> /opt/rustwide/cargo-home/git/checkouts/inferno-acbe5ab09394a163/5110adc/src/gui/docks.rs:8:5
[INFO] [stdout]   |
[INFO] [stdout] 8 | use glium::glutin::Event;
[INFO] [stdout]   |     ^^^^^^^^^^^^^^^-----
[INFO] [stdout]   |     |              |
[INFO] [stdout]   |     |              help: a similar name exists in the module: `event`
[INFO] [stdout]   |     no `Event` in `glutin`
[INFO] [stdout] 
[INFO] [stdout] 
[INFO] [stdout] error[E0433]: failed to resolve: could not find `glutin_backend` in `backend`
[INFO] [stdout]    --> /opt/rustwide/cargo-home/git/checkouts/inferno-acbe5ab09394a163/5110adc/src/resources/texture_atlas.rs:170:54
[INFO] [stdout]     |
[INFO] [stdout] 170 |     pub fn upload(&mut self, frame: &glium::backend::glutin_backend::GlutinFacade) {
[INFO] [stdout]     |                                                      ^^^^^^^^^^^^^^ could not find `glutin_backend` in `backend`
[INFO] [stdout] 
[INFO] [stdout] 
[INFO] [stdout] error[E0433]: failed to resolve: could not find `glutin_backend` in `backend`
[INFO] [stdout]   --> /opt/rustwide/cargo-home/git/checkouts/inferno-acbe5ab09394a163/5110adc/src/rendering/color_2d_batch.rs:12:34
[INFO] [stdout]    |
[INFO] [stdout] 12 |     display: &'a glium::backend::glutin_backend::GlutinFacade,
[INFO] [stdout]    |                                  ^^^^^^^^^^^^^^ could not find `glutin_backend` in `backend`
[INFO] [stdout] 
[INFO] [stdout] 
[INFO] [stdout] error[E0433]: failed to resolve: could not find `glutin_backend` in `backend`
[INFO] [stdout]   --> /opt/rustwide/cargo-home/git/checkouts/inferno-acbe5ab09394a163/5110adc/src/rendering/color_2d_batch.rs:22:45
[INFO] [stdout]    |
[INFO] [stdout] 22 |     pub fn new(display: &'a glium::backend::glutin_backend::GlutinFacade, polygon_mode: PolygonMode) -> Self {
[INFO] [stdout]    |                                             ^^^^^^^^^^^^^^ could not find `glutin_backend` in `backend`
[INFO] [stdout] 
[INFO] [stdout] 
[INFO] [stdout] error[E0433]: failed to resolve: could not find `glutin_backend` in `backend`
[INFO] [stdout]  --> /opt/rustwide/cargo-home/git/checkouts/inferno-acbe5ab09394a163/5110adc/src/rendering/color_triangle_batch.rs:5:34
[INFO] [stdout]   |
[INFO] [stdout] 5 |     display: &'a glium::backend::glutin_backend::GlutinFacade,
[INFO] [stdout]   |                                  ^^^^^^^^^^^^^^ could not find `glutin_backend` in `backend`
[INFO] [stdout] 
[INFO] [stdout] 
[INFO] [stdout] error[E0433]: failed to resolve: could not find `glutin_backend` in `backend`
[INFO] [stdout]   --> /opt/rustwide/cargo-home/git/checkouts/inferno-acbe5ab09394a163/5110adc/src/rendering/color_triangle_batch.rs:15:45
[INFO] [stdout]    |
[INFO] [stdout] 15 |     pub fn new(display: &'a glium::backend::glutin_backend::GlutinFacade, perspective: bool) -> Self {
[INFO] [stdout]    |                                             ^^^^^^^^^^^^^^ could not find `glutin_backend` in `backend`
[INFO] [stdout] 
[INFO] [stdout] 
[INFO] [stdout] error[E0433]: failed to resolve: could not find `glutin_backend` in `backend`
[INFO] [stdout]  --> /opt/rustwide/cargo-home/git/checkouts/inferno-acbe5ab09394a163/5110adc/src/rendering/sprite_triangle_batch.rs:8:34
[INFO] [stdout]   |
[INFO] [stdout] 8 |     display: &'a glium::backend::glutin_backend::GlutinFacade,
[INFO] [stdout]   |                                  ^^^^^^^^^^^^^^ could not find `glutin_backend` in `backend`
[INFO] [stdout] 
[INFO] [stdout] 
[INFO] [stdout] error[E0433]: failed to resolve: could not find `glutin_backend` in `backend`
[INFO] [stdout]   --> /opt/rustwide/cargo-home/git/checkouts/inferno-acbe5ab09394a163/5110adc/src/rendering/sprite_triangle_batch.rs:18:45
[INFO] [stdout]    |
[INFO] [stdout] 18 |     pub fn new(display: &'a glium::backend::glutin_backend::GlutinFacade, atlas: Rc<RefCell<TextureAtlas>>) -> Self {
[INFO] [stdout]    |                                             ^^^^^^^^^^^^^^ could not find `glutin_backend` in `backend`
[INFO] [stdout] 
[INFO] [stdout] 
[INFO] [stdout] error[E0433]: failed to resolve: could not find `glutin_backend` in `backend`
[INFO] [stdout]  --> /opt/rustwide/cargo-home/git/checkouts/inferno-acbe5ab09394a163/5110adc/src/rendering/font_triangle_batch.rs:8:34
[INFO] [stdout]   |
[INFO] [stdout] 8 |     display: &'a glium::backend::glutin_backend::GlutinFacade,
[INFO] [stdout]   |                                  ^^^^^^^^^^^^^^ could not find `glutin_backend` in `backend`
[INFO] [stdout] 
[INFO] [stdout] 
[INFO] [stdout] error[E0433]: failed to resolve: could not find `glutin_backend` in `backend`
[INFO] [stdout]   --> /opt/rustwide/cargo-home/git/checkouts/inferno-acbe5ab09394a163/5110adc/src/rendering/font_triangle_batch.rs:18:45
[INFO] [stdout]    |
[INFO] [stdout] 18 |     pub fn new(display: &'a glium::backend::glutin_backend::GlutinFacade, atlas: Rc<RefCell<TextureAtlas>>) -> Self {
[INFO] [stdout]    |                                             ^^^^^^^^^^^^^^ could not find `glutin_backend` in `backend`
[INFO] [stdout] 
[INFO] [stdout] 
[INFO] [stdout] error[E0433]: failed to resolve: could not find `glutin_backend` in `backend`
[INFO] [stdout]   --> /opt/rustwide/cargo-home/git/checkouts/inferno-acbe5ab09394a163/5110adc/src/rendering/draw_batch.rs:16:34
[INFO] [stdout]    |
[INFO] [stdout] 16 |     display: &'a glium::backend::glutin_backend::GlutinFacade,
[INFO] [stdout]    |                                  ^^^^^^^^^^^^^^ could not find `glutin_backend` in `backend`
[INFO] [stdout] 
[INFO] [stdout] 
[INFO] [stdout] error[E0433]: failed to resolve: could not find `glutin_backend` in `backend`
[INFO] [stdout]   --> /opt/rustwide/cargo-home/git/checkouts/inferno-acbe5ab09394a163/5110adc/src/rendering/draw_batch.rs:21:45
[INFO] [stdout]    |
[INFO] [stdout] 21 |     pub fn new(display: &'a glium::backend::glutin_backend::GlutinFacade) -> DrawBatch<'a> {
[INFO] [stdout]    |                                             ^^^^^^^^^^^^^^ could not find `glutin_backend` in `backend`
[INFO] [stdout] 
[INFO] [stdout] 
[INFO] [stdout] error[E0433]: failed to resolve: could not find `glutin_backend` in `backend`
[INFO] [stdout]   --> /opt/rustwide/cargo-home/git/checkouts/inferno-acbe5ab09394a163/5110adc/src/gui/window.rs:22:38
[INFO] [stdout]    |
[INFO] [stdout] 22 |         display: &'a glium::backend::glutin_backend::GlutinFacade,
[INFO] [stdout]    |                                      ^^^^^^^^^^^^^^ could not find `glutin_backend` in `backend`
[INFO] [stdout] 
[INFO] [stdout] 
[INFO] [stdout] error[E0433]: failed to resolve: could not find `ElementState` in `glutin`
[INFO] [stdout]    --> /opt/rustwide/cargo-home/git/checkouts/inferno-acbe5ab09394a163/5110adc/src/gui/docks.rs:532:46
[INFO] [stdout]     |
[INFO] [stdout] 532 |             Event::MouseInput(glium::glutin::ElementState::Released, glium::glutin::MouseButton::Left) => {
[INFO] [stdout]     |                                              ^^^^^^^^^^^^ could not find `ElementState` in `glutin`
[INFO] [stdout] 
[INFO] [stdout] 
[INFO] [stdout] error[E0433]: failed to resolve: could not find `MouseButton` in `glutin`
[INFO] [stdout]    --> /opt/rustwide/cargo-home/git/checkouts/inferno-acbe5ab09394a163/5110adc/src/gui/docks.rs:532:85
[INFO] [stdout]     |
[INFO] [stdout] 532 |             Event::MouseInput(glium::glutin::ElementState::Released, glium::glutin::MouseButton::Left) => {
[INFO] [stdout]     |                                                                                     ^^^^^^^^^^^ could not find `MouseButton` in `glutin`
[INFO] [stdout] 
[INFO] [stdout] 
[INFO] [stdout] error[E0425]: cannot find function, tuple struct or tuple variant `RGBA` in crate `image`
[INFO] [stdout]    --> /opt/rustwide/cargo-home/git/checkouts/inferno-acbe5ab09394a163/5110adc/src/resources/texture_atlas.rs:208:110
[INFO] [stdout]     |
[INFO] [stdout] 208 |             image::save_buffer(&Path::new(&*name), &self.data, self.width as u32, self.height as u32, image::RGBA(8)).unwrap();
[INFO] [stdout]     |                                                                                                              ^^^^ not found in `image`
[INFO] [stdout] 
[INFO] [stdout] 
[INFO] [stdout] error[E0425]: cannot find function, tuple struct or tuple variant `Gray` in crate `image`
[INFO] [stdout]    --> /opt/rustwide/cargo-home/git/checkouts/inferno-acbe5ab09394a163/5110adc/src/resources/texture_atlas.rs:212:110
[INFO] [stdout]     |
[INFO] [stdout] 212 |             image::save_buffer(&Path::new(&*name), &self.data, self.width as u32, self.height as u32, image::Gray(8)).unwrap();
[INFO] [stdout]     |                                                                                                              ^^^^ not found in `image`
[INFO] [stdout] 
[INFO] [stdout] 
[INFO] [stdout] error[E0599]: no method named `dimensions` found for enum `DynamicImage` in the current scope
[INFO] [stdout]    --> /opt/rustwide/cargo-home/git/checkouts/inferno-acbe5ab09394a163/5110adc/src/resources/resource_manager.rs:280:35
[INFO] [stdout]     |
[INFO] [stdout] 280 |         let (width, height) = img.dimensions();
[INFO] [stdout]     |                                   ^^^^^^^^^^ method not found in `DynamicImage`
[INFO] [stdout]     |
[INFO] [stdout]     = help: items from traits can only be used if the trait is in scope
[INFO] [stdout]     = note: the following trait is implemented but not in scope; perhaps add a `use` for it:
[INFO] [stdout]             `use image::GenericImageView;`
[INFO] [stdout] 
[INFO] [stdout] 
[INFO] [stdout] error[E0599]: no method named `raw_pixels` found for enum `DynamicImage` in the current scope
[INFO] [stdout]    --> /opt/rustwide/cargo-home/git/checkouts/inferno-acbe5ab09394a163/5110adc/src/resources/resource_manager.rs:291:75
[INFO] [stdout]     |
[INFO] [stdout] 291 |             atlas.set_region(region.0, region.1, region.2, region.3, &img.raw_pixels(), width as usize * 4);
[INFO] [stdout]     |                                                                           ^^^^^^^^^^ method not found in `DynamicImage`
[INFO] [stdout] 
[INFO] [stdout] 
[INFO] [stdout] error: aborting due to 20 previous errors
[INFO] [stdout] 
[INFO] [stdout] 
[INFO] [stdout] Some errors have detailed explanations: E0425, E0432, E0433, E0599.
[INFO] [stdout] 
[INFO] [stdout] For more information about an error, try `rustc --explain E0425`.
[INFO] [stdout] 
[INFO] [stderr] error: could not compile `inferno`.
[INFO] [stderr] 
[INFO] [stderr] To learn more, run the command again with --verbose.
[INFO] running `Command { std: "docker" "inspect" "7639d34392f6a0aa82279e4324d3c306eac940c2f9781e764dda4dbea69ab445", kill_on_drop: false }`
[INFO] running `Command { std: "docker" "rm" "-f" "7639d34392f6a0aa82279e4324d3c306eac940c2f9781e764dda4dbea69ab445", kill_on_drop: false }`
[INFO] [stdout] 7639d34392f6a0aa82279e4324d3c306eac940c2f9781e764dda4dbea69ab445
